a factor of 236313?
True
Is 60 a factor of 70140?
True
Is 24 a factor of 24273?
False
Is 70 a factor of 20303430?
True
Is 20 a factor of 12140?
True
Does 24 divide 602784?
True
Is 69 a factor of 520191?
True
Is 51 a factor of 4875786?
False
Does 817 divide 11747643?
True
Does 17 divide 2932568?
True
Does 155 divide 28055?
True
Is 1274 a factor of 11431017?
False
Is 120 a factor of 29101?
False
Is 2 a factor of 5282040?
True
Does 160 divide 731520?
True
Is 402 a factor of 8485014?
True
Is 19 a factor of 379962?
True
Is 2638944 a multiple of 32?
True
Does 987 divide 5119192?
False
Does 543 divide 3856971?
False
Is 20 a factor of 16825?
False
Is 619 a factor of 92231?
True
Does 154 divide 1819594?
False
Is 360374 a multiple of 150?
False
Is 9 a factor of 105046?
False
Is 486 a factor of 333882?
True
Is 227857 a multiple of 7?
True
Is 117 a factor of 3288581?
False
Is 50 a factor of 2416750?
True
Is 15 a factor of 124740?
True
Is 5 a factor of 1492406?
False
Does 15 divide 138142?
False
Is 311554 a multiple of 172?
False
Is 267 a factor of 13989266?
False
Is 35 a factor of 255141?
False
Does 26 divide 5132894?
True
Does 24 divide 1634211?
False
Does 444 divide 51948?
True
Does 10 divide 26851341?
False
Is 1621449 a multiple of 1208?
False
Is 291 a factor of 3062694?
False
Does 26 divide 327407?
False
Does 11 divide 1991172?
False
Does 64 divide 520649?
False
Is 28 a factor of 23690?
False
Is 429375 a multiple of 125?
True
Is 78 a factor of 1052364?
False
Is 17818124 a multiple of 14?
False
Is 61658 a multiple of 158?
False
Does 307 divide 2682873?
True
Is 7 a factor of 419237?
True
Does 313 divide 1354977?
True
Is 20 a factor of 72260?
True
Is 3 a factor of 1754998?
False
Is 48 a factor of 1510080?
True
Is 152767 a multiple of 115?
False
Is 420000 a multiple of 20?
True
Is 735089 a multiple of 62?
False
Does 1801 divide 10521442?
True
Is 2913848 a multiple of 357?
False
Is 597 a factor of 1117638?
False
Does 449 divide 4438733?
False
Does 14 divide 2900884?
True
Does 49 divide 77760?
False
Does 29 divide 215296?
True
Is 30 a factor of 347700?
True
Is 10 a factor of 1030226?
False
Is 7095114 a multiple of 266?
False
Does 18 divide 1477712?
False
Is 207482 a multiple of 2?
True
Is 309 a factor of 1322520?
True
Is 868 a factor of 2347961?
False
Is 6574876 a multiple of 1503?
False
Is 206271 a multiple of 128?
False
Is 42 a factor of 568603?
False
Does 58 divide 136068?
True
Is 188473 a multiple of 1162?
False
Is 508869 a multiple of 364?
False
Does 10 divide 1370147?
False
Is 4 a factor of 117386?
False
Is 13098981 a multiple of 609?
True
Is 22 a factor of 785532?
True
Is 103283 a multiple of 59?
False
Is 1793803 a multiple of 11?
True
Does 46 divide 16146?
True
Is 59 a factor of 12690205?
False
Is 12551562 a multiple of 588?
False
Is 50 a factor of 1194893?
False
Is 22098 a multiple of 7?
False
Does 52 divide 163527?
False
Is 119448 a multiple of 63?
True
Does 61 divide 39711?
True
Does 806 divide 474734?
True
Does 63 divide 5109193?
False
Is 4590003 a multiple of 208?
False
Does 75 divide 5103594?
False
Is 54 a factor of 53676?
True
Does 10 divide 80264?
False
Does 20 divide 294140?
True
Does 58 divide 478647?
False
Does 43 divide 399126?
True
Is 263264 a multiple of 433?
True
Is 82 a factor of 5913922?
True
Is 136 a factor of 819803?
False
Does 3 divide 2180023?
False
Is 47190 a multiple of 110?
True
Is 6 a factor of 27726?
True
Is 1389379 a multiple of 3?
False
Is 274 a factor of 1005306?
True
Is 2178346 a multiple of 20?
False
Does 46 divide 1444906?
True
Does 558 divide 16183469?
False
Is 9884346 a multiple of 98?
False
Does 1354 divide 7201032?
False
Is 15 a factor of 3143445?
True
Is 416580 a multiple of 60?
True
Is 183704 a multiple of 16?
False
Is 271000 a multiple of 10?
True
Is 495893 a multiple of 689?
False
Does 299 divide 437100?
False
Is 529150 a multiple of 557?
True
Is 14 a factor of 725538?
False
Does 42 divide 118692?
True
Is 2034500 a multiple of 10?
True
Is 360 a factor of 2236891?
False
Is 4422902 a multiple of 388?
False
Does 3 divide 1515?
True
Does 233 divide 686234?
False
Does 32 divide 32800?
True
Does 12 divide 22241809?
False
Is 23 a factor of 8799?
False
Does 11 divide 37587?
True
Is 50320 a multiple of 5?
True
Is 23 a factor of 32522?
True
Does 16 divide 71316?
False
Is 140696 a multiple of 86?
True
Is 5 a factor of 5140977?
False
Does 67 divide 58558?
True
Is 376 a factor of 4627272?
False
Is 698112 a multiple of 256?
True
Does 10 divide 1486353?
False
Is 97 a factor of 5126644?
True
Does 30 divide 17064180?
True
Is 2359297 a multiple of 27?
False
Is 102531 a multiple of 212?
False
Is 480 a factor of 1121392?
False
Is 10 a factor of 2768370?
True
Is 18975385 a multiple of 380?
False
Is 866 a factor of 2535133?
False
Does 11 divide 9370977?
True
Does 97 divide 1399012?
False
Is 30 a factor of 7242570?
True
Is 284451 a multiple of 126?
False
Is 99456 a multiple of 296?
True
Is 14455 a multiple of 8?
False
Is 327864 a multiple of 12?
True
Does 17 divide 12087?
True
Is 155586 a multiple of 102?
False
Is 302 a factor of 2429416?
False
Is 467621 a multiple of 101?
False
Does 309 divide 268740?
False
Is 18 a factor of 4721760?
True
Is 701675 a multiple of 5?
True
Is 252 a factor of 1002708?
True
Is 66572 a multiple of 17?
True
Is 1062474 a multiple of 285?
False
Does 11 divide 40137?
False
Is 3 a factor of 59680?
False
Does 6 divide 418970?
False
Does 17 divide 985713?
False
Does 25 divide 96441?
False
Is 441 a factor of 1552498?
False
Is 98 a factor of 163157?
False
Does 7 divide 1429337?
True
Is 45602 a multiple of 22?
False
Is 9 a factor of 1509183?
True
Does 80 divide 331832?
False
Is 750 a factor of 5379750?
True
Is 1124 a factor of 4029238?
False
Is 297900 a multiple of 75?
True
Is 4514916 a multiple of 10?
False
Does 31 divide 177196?
True
Is 33250 a multiple of 5?
True
Is 233 a factor of 754560?
False
Does 115 divide 923220?
True
Does 173 divide 1378291?
True
Is 92432 even?
True
Is 927262 a multiple of 17?
False
Is 11 a factor of 102924?
False
Is 190 a factor of 531240?
True
Is 55 a factor of 1093345?
True
Does 37 divide 61457?
True
Is 82 a factor of 9213602?
True
Is 394 a factor of 756874?
True
Does 152 divide 1523040?
True
Is 21800471 a multiple of 1648?
False
Is 97 a factor of 45590?
True
Does 166 divide 62748?
True
Is 24 a factor of 565440?
True
Does 35 divide 25094129?
False
Is 228426 a multiple of 129?
False
Is 66 a factor of 3047748?
True
Is 46 a factor of 332810?
True
Does 30 divide 854370?
True
Does 586 divide 7444917?
False
Is 74 a factor of 561586?
True
Is 110166 a multiple of 42?
True
Does 130 divide 26869?
False
Is 45 a factor of 176760?
True
Is 49 a factor of 162644?
False
Is 16 a factor of 987186?
False
Is 868 a factor of 8926215?
False
Is 1285050 a multiple of 390?
True
Does 52 divide 93803?
False
Is 82530 a multiple of 42?
True
Does 13 divide 87750?
True
Is 1171896 a multiple of 44?
True
Is 383815 a multiple of 145?
True
Does 44 divide 315855?
False
Is 10948 a multiple of 782?
True
Does 10 divide 213816?
False
Is 125344 a multiple of 15?
False
Does 26 divide 2867852?
True
Is 201 a factor of 180498?
True
Is 92 a factor of 160724?
True
Does 253 divide 484748?
True
Is 30 a factor of 25080?
True
Is 116061 a multiple of 5?
False
Does 184 divide 559360?
True
Is 69 a factor of 213546?
False
Is 17534807 a multiple of 1069?
True
Does 56 divide 1628256?
True
Is 58 a factor of 59578?
False
Is 746414 a multiple of 347?
False
Is 527688 a multiple of 72?
True
Does 20 divide 397880?
True
Does 26 divide 1047332?
True
Is 54329 a multiple of 9?
False
Is 56 a factor of 237888?
True
Does 41 divide 5109092?
True
Does 26 divide 19214?
True
Is 226295 a multiple of 6?
False
Is 63 a factor of 8793855?
True
Is 591 a factor of 66783?
True
Is 218802 a multiple of 13?
False
Does 1400 divide 1334200?
True
Is 3225339 a multiple of 351?
True
Does 17 divide 30615?
False
Is 10 a factor of 133717?
False
Is 330966 a multiple of 54?
True
Does 34 divide 4396296?
False
Does 303 divide 368448?
True
Is 1337537 a multiple of 48?
False
Does 52 divide 30231?
False
Is 41 a factor of 2527650?
True
Is 5 a factor of 28675?
True
Is 19 a factor of 8020204?
True
Is 13 a factor of 12702564?
False
Is 15048348 a multiple of 138?
True
Does 24 divide